7)/(7/3) + -2. List the prime factors of n(f).
2, 5
Suppose -6*v + 14*v - 968 = 0. Suppose 0 = 2*k - 5*l - v, -2*l + 0*l - 60 = -k. List the prime factors of k.
2, 29
Let n = -4 - -9. Let z = 6 - n. Let f = 6 - z. List the prime factors of f.
5
Suppose 14 = -n - 33. Let g = n - -78. What are the prime factors of g?
31
Let a = -80 + 90. Suppose 5*c - a*c + 1485 = 0. What are the prime factors of c?
3, 11
Let g(c) = 2*c**2 - 1 + 6 - 5 + c - 1. Let o be g(3). List the prime factors of (-24)/15*o/(-2).
2
List the prime factors of ((-186)/4)/((-6)/16*1).
2, 31
Let k(o) = -o**2 + 9*o - 16. Let i be k(4). What are the prime factors of 4/(i/21)*(-144)/(-28)?
2, 3
Suppose 5*y + 434 = -2*j, -3*y - j - 252 = 3*j. Let o = y + 98. List the prime factors of o.
2, 5
Suppose 8*z = 8757 + 4123. List the prime factors of z.
2, 5, 7, 23
Let i(o) = o**2 + 17*o + 44. Let a be i(-13). List the prime factors of 176/20*(-60)/a.
2, 3, 11
Let u = -1 - 7. Let b(s) = s**3 + 7*s**2 - 11*s - 2. Let g be b(u). Suppose -y + g = y. List the prime factors of y.
11
Suppose -38 = -2*p + 50. Suppose -7*d + 9*d = p. What are the prime factors of d?
2, 11
What are the prime factors of (-8928230)/(-1360) + 2/16?
5, 13, 101
Let d = 8 + -6. Suppose -z = -d*z + 2. Suppose 0 = 5*t + z*v + 3*v - 210, v = -2*t + 86. List the prime factors of t.
2, 11
Let y = -1853 - -4659. What are the prime factors of y?
2, 23, 61
Let u = 43 + -40. Suppose -t - 5*g + 68 = u*t, 0 = t + g - 16. List the prime factors of (1 - 135/t)*-4.
41
Let x = 64 - 142. Let i = x + 133. List the prime factors of i.
5, 11
List the prime factors of 15/45 - (-6441)/9.
2, 179
Let b = -36 - -129. What are the prime factors of b?
3, 31
Suppose -p + 7 = -4*u, 0 = 6*p - p - 2*u + 55. Let h(v) = v + 31. What are the prime factors of h(p)?
2, 3
Suppose 5764 + 10549 = 11*v. What are the prime factors of v?
1483
Let a(f) = 21 + 2*f - 40 + 23. Let p = -13 - -18. What are the prime factors of a(p)?
2, 7
Suppose f = 3*f - 8. Let r = f - 2. What are the prime factors of r?
2
Let d = 14 - 8. Suppose -27 = -5*t + k, -5*k - d = -2*k. Suppose 8*g - 5*g - 31 = t*q, 4*g - 36 = 4*q. What are the prime factors of g?
7
Let c = -1501 - -2943. List the prime factors of c.
2, 7, 103
Let h = 1293 + 532. List the prime factors of h.
5, 73
Suppose -g - 9 = -2*g. Let y(z) = z**3 - 8*z**2 + z - 1. What are the prime factors of y(g)?
89
Let m = -14 + 48. Suppose 2*b = -2*j + 3*j - 36, 2*j - 79 = -3*b. Let k = j + m. What are the prime factors of k?
2, 3
Let v(c) = -c**2 - 12*c - 6. Let i be v(-9). Let p = -19 + i. Suppose -8 = -2*r, -p*d + r - 28 = -6*d. List the prime factors of d.
2, 3
Suppose -11*a + 210 = -10*a. Suppose 13*g + a = 16*g. List the prime factors of g.
2, 5, 7
Let f be (-8)/28 - (-116)/14. Let d = f - 6. Suppose d*k - 3*k = -9. What are the prime factors of k?
3
Suppose 0 = 9*w - 2*w. Suppose 19*b - 12*b - 924 = w. What are the prime factors of b?
2, 3, 11
Let w(j) = 2*j**2 + 4*j + 16. Let o(b) = -b**3 - 4*b**2 - 2*b + 3. Let l be o(-4). Suppose 13*a = l*a - 10. What are the prime factors of w(a)?
2, 23
Let a(q) = 9*q - 67. Suppose 7*j = 10*j - 45. List the prime factors of a(j).
2, 17
Let q(r) be the third derivative of 1/10*r**5 - 1/3*r**4 + 4/3*r**3 + 0*r + 6*r**2 + 1/120*r**6 + 0. What are the prime factors of q(-7)?
3, 5
Let f(c) = 142*c**2 - 5*c - 2. What are the prime factors of f(-3)?
1291
Let z = -419 + 649. Suppose z = 5*l - 310. What are the prime factors of l?
2, 3
Let s(f) = f**3 - f**2 + 3*f - 1 + 10*f**3 + 2*f**2. Let d be s(2). Suppose 10 - d = -3*n. What are the prime factors of n?
29
Let n(u) = u**3 + 8*u**2 + 3*u - 6. Let y be n(-7). Suppose y = 4*q - 86. List the prime factors of 4/(-6) + 585/q.
3, 7
Let z(d) = 3*d**3 - 7*d**2 + d - 3. Let m be z(5). Let r = m + -73. Let q = r + -72. List the prime factors of q.
3, 19
Let c(g) = -6*g - 28. Suppose a + 20 = 6*a. Let l(p) = -2*p - 9. Let y(t) = a*c(t) - 11*l(t). What are the prime factors of y(-8)?
3
Suppose 0 = 3*u + v - 15, v = -2*u + 2*v + 15. List the prime factors of (-2)/(4/u)*(-46 + -3).
3, 7
Let d(b) = b**3 + 22*b**2 - 4*b - 12. Let a(c) = -c. Let m(z) = -a(z) + d(z). What are the prime factors of m(-22)?
2, 3
Suppose -464*r - 300 = -470*r. Suppose 2*w - 2*b + 42 = -4, 3*w + b = -73. Let t = r + w. List the prime factors of t.
2, 13
Suppose 6*z - z - 470 = 0. Let p = -60 + z. What are the prime factors of p?
2, 17
Suppose 0 = -10*i + 5*i + 5*h - 415, 159 = -2*i - 5*h. Let k = -54 - i. Let n = 61 - k. What are the prime factors of n?
3, 11
Suppose 0 = v - 6*v + 4*o + 2272, 6 = 3*o. What are the prime factors of v?
2, 3, 19
Suppose 439 = 2*q - 427. List the prime factors of q.
433
Let g(d) = 11*d**2 - 2. Let q be g(-1). Suppose -6 = -5*f + q. What are the prime factors of f?
3
Suppose 4 = -i + 10. Let z be -6 + -2 + i + 1. List the prime factors of (-1 + 0)*17*z.
17
Let n be 0 + 1 + (0 - -1) + 2. Let s(i) = 18*i + 2. What are the prime factors of s(n)?
2, 37
Let y(z) = z**2 + 7*z + 3. Let w be y(-7). Suppose -4*d = -w*d. Suppose d = -5*h - h + 258. What are the prime factors of h?
43
Let j be (5 - -11) + 0/1. Suppose 3*o - 4*y = 96, 0 = 3*o + 5*y - 53 - j. Suppose w - o = -0*w. List the prime factors of w.
2, 7
Suppose -13*q + 2*q + 44 = 0. List the prime factors of q.
2
List the prime factors of (6 + -2 + 1998 + -6)*1.
2, 499
Let q = -5 - 0. Let h be (15/(-25))/(1/q). Suppose -2*z + 18 = -0*z + a, 5*a + 40 = h*z. List the prime factors of z.
2, 5
Let j = 803 + -92. What are the prime factors of j/18 + (-1 - 3/(-2))?
2, 5
Suppose -3*f = -232 - 131. List the prime factors of f.
11
Let b = 1761 - 721. What are the prime factors of b?
2, 5, 13
List the prime factors of 4 + (12 - -3701) + -11.
2, 17, 109
Let p(r) = -42*r - 7. Let f be p(-7). Suppose 4*c = -103 + f. What are the prime factors of c?
2, 23
Let b(y) = 1 - 3*y**2 + y**2 + 6*y + 4*y**2. What are the prime factors of b(-6)?
37
List the prime factors of 255*12/(-48)*-20.
3, 5, 17
What are the prime factors of (-781)/(-11)*12 + 0?
2, 3, 71
Let r(z) = 41*z**3 - z**2 + z + 4. Let l be r(2). Suppose -l = -7*v + 5*v. What are the prime factors of v?
3, 5, 11
Let m = -380 + 2076. List the prime factors of m.
2, 53
List the prime factors of 325 + 35/((-20)/4).
2, 3, 53
Suppose 0 = 4*m - 4*t - 28, -7*m + 2*m = -3*t - 39. Suppose -4*h + 7*h = m. Suppose h*l = 2*l + 28. List the prime factors of l.
2, 7
Let i(n) = 2*n**2 - 30*n + 4. What are the prime factors of i(-19)?
2, 3
Suppose 2*g - 48 = -3*x, 140 = -8*g + 12*g - 5*x. What are the prime factors of g?
2, 3, 5
Let l be (-188)/16 - (-5)/(-20). What are the prime factors of 690/9*l/(-8)?
5, 23
Suppose 5*d + 3*y + 4 - 20 = 0, -1 = -2*d - 3*y. What are the prime factors of (-12)/(-20) + 242/d?
7
Suppose -r - s = -1564, -16*r = -17*r + 3*s + 1548. List the prime factors of r.
2, 3, 5, 13
Let x be (-2)/6 + 18032/(-48). Let a = 559 + x. What are the prime factors of a?
3, 61
Let f = 29 + -17. Let q = -8 + f. Suppose -156 = -8*w + q*w. What are the prime factors of w?
3, 13
Let y = -396 - -939. List the prime factors of y.
3, 181
Let f(r) = 0*r - r + 8*r**2 + r**3 - 4 - 4*r + 4*r. What are the prime factors of f(-5)?
2, 19
Let a = 71 - 66. Suppose 2*k = -2*k + a*l + 203, 5*k = -5*l + 220. What are the prime factors of k?
47
Let o = 3403 + -1758. List the prime factors of o.
5, 7, 47
Let f(m) = -7*m**2 - 5*m + 12. Let k(l) = l**2 + l - 1. Let p(w) = -f(w) - 3*k(w). What are the prime factors of p(6)?
3, 7
Let s = 65 + -71. Let g(u) = u**2 - 10*u - 10. What are the prime factors of g(s)?
2, 43
Let v = 19 + 493. List the prime factors of v.
2
Let o = 15 + -4. Let v = 9 - o. What are the prime factors of 2 + 0 + 47 + v?
47
Suppose 0 = 2*l + 4, -4*h + 8*l = 3*l - 30. Let v(m) = 3*m + 1. List the prime factors of v(h).
2
Let h(g) = -3*g**2 + 26*g - 19. Let i(l) = 6*l**2 - 53*l + 38. Let d(c) = -9*h(c) - 4*i(c). List the prime factors of d(11).
2, 5, 7
Suppose 2*b + 2853 + 665 = 2*p, -2*b = -4*p + 7034. List the prime factors of p.
2, 3, 293
Suppose 3*f + 104 = 4*f. Suppose -5*u = s + 2*s - f, -5*u = -3*s + 94. List the prime factors of s.
3, 11
Let o = -2324 + 4278. What are the prime factors of o?
2, 977
Suppose 6 - 111 = 5*b. Let t be (-195)/b - (-6)/(-21). Suppose -t = 